{"id":247,"date":"2023-06-05T18:53:18","date_gmt":"2023-06-05T15:53:18","guid":{"rendered":"https:\/\/businesslifetrabzon.com\/?page_id=247"},"modified":"2023-09-29T16:40:02","modified_gmt":"2023-09-29T13:40:02","slug":"kurumsal-bl","status":"publish","type":"page","link":"https:\/\/businesslifetrabzon.com\/index.php\/kurumsal-bl\/","title":{"rendered":"Kurumsal"},"content":{"rendered":"<div class=\"fusion-fullwidth fullwidth-box fusion-builder-row-1 fusion-flex-container has-pattern-background has-mask-background nonhundred-percent-fullwidth non-hundred-percent-height-scrolling\" style=\"--awb-border-radius-top-left:0px;--awb-border-radius-top-right:0px;--awb-border-radius-bottom-right:0px;--awb-border-radius-bottom-left:0px;--awb-background-color:#e2e2e2;\" ><div class=\"fusion-builder-row fusion-row fusion-flex-align-items-flex-start\" style=\"max-width:1248px;margin-left: calc(-4% \/ 2 );margin-right: calc(-4% \/ 2 );\"><div class=\"fusion-layout-column fusion_builder_column fusion-builder-column-0 fusion_builder_column_1_1 1_1 fusion-flex-column\" style=\"--awb-bg-size:cover;--awb-width-large:100%;--awb-margin-top-large:0px;--awb-spacing-right-large:1.92%;--awb-margin-bottom-large:20px;--awb-spacing-left-large:1.92%;--awb-width-medium:100%;--awb-order-medium:0;--awb-spacing-right-medium:1.92%;--awb-spacing-left-medium:1.92%;--awb-width-small:100%;--awb-order-small:0;--awb-spacing-right-small:1.92%;--awb-spacing-left-small:1.92%;\"><div class=\"fusion-column-wrapper fusion-column-has-shadow fusion-flex-justify-content-flex-start fusion-content-layout-column\"><div class=\"fusion-title title fusion-title-1 fusion-sep-none fusion-title-text fusion-title-size-three\"><h3 class=\"title-heading-left\" style=\"margin:0;\">Kurumsal<\/h3><\/div><div class=\"fusion-text fusion-text-1\" style=\"--awb-text-font-family:&#039;Bookman Old Style&#039;, serif;--awb-text-font-style:normal;--awb-text-font-weight:400;\"><h4 id=\"tw-target-text\" class=\"tw-data-text tw-text-large tw-ta\" dir=\"ltr\" data-placeholder=\"\u00c7eviri\"><em><strong><span class=\"Y2IQFc\" lang=\"tr\">&#8220;Business Life Group Otelleri olarak, hedef kitlelere kaliteli ve g\u00fcler y\u00fczl\u00fc hizmetimizi \u00f6n plana \u00e7\u0131kararak markam\u0131z\u0131n bilinirli\u011fini ve bilinirli\u011fini artt\u0131rmak \u00f6nceli\u011fimizdir.&#8221;<\/span><\/strong><\/em><\/h4>\n<\/div><\/div><\/div><div class=\"fusion-layout-column fusion_builder_column fusion-builder-column-1 fusion_builder_column_1_2 1_2 fusion-flex-column\" style=\"--awb-bg-size:cover;--awb-width-large:50%;--awb-margin-top-large:0px;--awb-spacing-right-large:3.84%;--awb-margin-bottom-large:20px;--awb-spacing-left-large:3.84%;--awb-width-medium:50%;--awb-order-medium:0;--awb-spacing-right-medium:3.84%;--awb-spacing-left-medium:3.84%;--awb-width-small:100%;--awb-order-small:0;--awb-spacing-right-small:1.92%;--awb-spacing-left-small:1.92%;\"><div class=\"fusion-column-wrapper fusion-column-has-shadow fusion-flex-justify-content-flex-start fusion-content-layout-column\"><div class=\"fusion-title title fusion-title-2 fusion-sep-none fusion-title-text fusion-title-size-three\"><h3 class=\"title-heading-left\" style=\"margin:0;\"><p style=\"text-align: center;\">Vizyonumuz<\/p><\/h3><\/div><div class=\"fusion-text fusion-text-2\"><p id=\"tw-target-text\" class=\"tw-data-text tw-text-large tw-ta\" dir=\"ltr\" data-placeholder=\"\u00c7eviri\"><span class=\"Y2IQFc\" lang=\"tr\">Misafirlerimizin ihtiya\u00e7 ve beklentilerini kar\u015f\u0131lamak, s\u00fcrekli iyile\u015ftirme anlay\u0131\u015f\u0131 ile g\u00fc\u00e7l\u00fc ve g\u00fcvenilir bir kurulu\u015f olmak ana prensibimizdir.<br \/>\nT\u00fcrkiye&#8217;de ve uluslararas\u0131 alanda yat\u0131r\u0131m yapmak ve b\u00fcy\u00fcmek, &#8216;Uluslararas\u0131 Otel Zinciri&#8217; olmak. Kalite ve hizmette misafir memnuniyetinin sa\u011flanmas\u0131ndan ve kalitemizin s\u00fcrekli iyile\u015ftirilmesinden t\u00fcm \u00e7al\u0131\u015fanlar\u0131m\u0131z sorumludur.<br \/>\n&#8216;Misafir Memnuniyeti&#8217; en \u00f6nemli g\u00f6revimizdir.<br \/>\nTurizm sekt\u00f6r\u00fcndeki t\u00fcm ki\u015fi\/kurulu\u015flar\u0131n g\u00fcn\u00fcm\u00fcz evrensel ko\u015fullar\u0131na uygun olarak ilerlerken g\u00fcvendi\u011fi, sayg\u0131 duydu\u011fu ve birlikte \u00e7al\u0131\u015fmak istedi\u011fi bir marka olmak.<\/span><\/p>\n<\/div><\/div><\/div><div class=\"fusion-layout-column fusion_builder_column fusion-builder-column-2 fusion_builder_column_1_2 1_2 fusion-flex-column fusion-flex-align-self-stretch fusion-column-inner-bg-wrapper\" style=\"--awb-inner-bg-position:center center;--awb-inner-bg-size:cover;--awb-width-large:50%;--awb-margin-top-large:0px;--awb-spacing-right-large:3.84%;--awb-margin-bottom-large:20px;--awb-spacing-left-large:3.84%;--awb-width-medium:50%;--awb-order-medium:0;--awb-spacing-right-medium:3.84%;--awb-spacing-left-medium:3.84%;--awb-width-small:100%;--awb-order-small:0;--awb-spacing-right-small:1.92%;--awb-spacing-left-small:1.92%;\" data-motion-effects=\"[{&quot;type&quot;:&quot;&quot;,&quot;scroll_type&quot;:&quot;transition&quot;,&quot;scroll_direction&quot;:&quot;up&quot;,&quot;transition_speed&quot;:&quot;1&quot;,&quot;fade_type&quot;:&quot;in&quot;,&quot;scale_type&quot;:&quot;up&quot;,&quot;initial_scale&quot;:&quot;1&quot;,&quot;max_scale&quot;:&quot;1.5&quot;,&quot;min_scale&quot;:&quot;0.5&quot;,&quot;initial_rotate&quot;:&quot;0&quot;,&quot;end_rotate&quot;:&quot;30&quot;,&quot;initial_blur&quot;:&quot;0&quot;,&quot;end_blur&quot;:&quot;3&quot;,&quot;start_element&quot;:&quot;top&quot;,&quot;start_viewport&quot;:&quot;bottom&quot;,&quot;end_element&quot;:&quot;bottom&quot;,&quot;end_viewport&quot;:&quot;top&quot;,&quot;mouse_effect&quot;:&quot;track&quot;,&quot;mouse_effect_direction&quot;:&quot;opposite&quot;,&quot;mouse_effect_speed&quot;:&quot;2&quot;,&quot;infinite_animation&quot;:&quot;float&quot;,&quot;infinite_animation_speed&quot;:&quot;2&quot;}]\" data-scroll-devices=\"small-visibility,medium-visibility,large-visibility\"><span class=\"fusion-column-inner-bg hover-type-none\"><a class=\"fusion-column-anchor\" href=\"https:\/\/businesslifetrabzon.com\"><span class=\"fusion-column-inner-bg-image\"><\/span><\/a><\/span><div class=\"fusion-column-wrapper fusion-column-has-shadow fusion-flex-justify-content-space-around fusion-content-layout-column\"><div class=\"fusion-image-element \" style=\"--awb-caption-title-font-family:var(--h2_typography-font-family);--awb-caption-title-font-weight:var(--h2_typography-font-weight);--awb-caption-title-font-style:var(--h2_typography-font-style);--awb-caption-title-size:var(--h2_typography-font-size);--awb-caption-title-transform:var(--h2_typography-text-transform);--awb-caption-title-line-height:var(--h2_typography-line-height);--awb-caption-title-letter-spacing:var(--h2_typography-letter-spacing);\"><span class=\" fusion-imageframe imageframe-none imageframe-1 hover-type-none\" class=\"image-magnify\" class=\"image-scroll\"><img decoding=\"async\" width=\"600\" height=\"338\" title=\"exe3\" src=\"https:\/\/businesslifetrabzon.com\/wp-content\/uploads\/2023\/06\/exe3-600x338.jpg\" alt class=\"img-responsive wp-image-109\" srcset=\"https:\/\/businesslifetrabzon.com\/wp-content\/uploads\/2023\/06\/exe3-200x113.jpg 200w, https:\/\/businesslifetrabzon.com\/wp-content\/uploads\/2023\/06\/exe3-400x225.jpg 400w, https:\/\/businesslifetrabzon.com\/wp-content\/uploads\/2023\/06\/exe3-600x338.jpg 600w, https:\/\/businesslifetrabzon.com\/wp-content\/uploads\/2023\/06\/exe3-800x450.jpg 800w, https:\/\/businesslifetrabzon.com\/wp-content\/uploads\/2023\/06\/exe3-1200x675.jpg 1200w\" sizes=\"(max-width: 640px) 100vw, 600px\" \/><\/span><\/div><\/div><\/div><div class=\"fusion-layout-column fusion_builder_column fusion-builder-column-3 fusion_builder_column_1_2 1_2 fusion-flex-column\" style=\"--awb-bg-size:cover;--awb-width-large:50%;--awb-margin-top-large:0px;--awb-spacing-right-large:3.84%;--awb-margin-bottom-large:20px;--awb-spacing-left-large:3.84%;--awb-width-medium:50%;--awb-order-medium:0;--awb-spacing-right-medium:3.84%;--awb-spacing-left-medium:3.84%;--awb-width-small:100%;--awb-order-small:0;--awb-spacing-right-small:1.92%;--awb-spacing-left-small:1.92%;\"><div class=\"fusion-column-wrapper fusion-column-has-shadow fusion-flex-justify-content-flex-start fusion-content-layout-column\"><div class=\"fusion-image-element \" style=\"--awb-caption-title-font-family:var(--h2_typography-font-family);--awb-caption-title-font-weight:var(--h2_typography-font-weight);--awb-caption-title-font-style:var(--h2_typography-font-style);--awb-caption-title-size:var(--h2_typography-font-size);--awb-caption-title-transform:var(--h2_typography-text-transform);--awb-caption-title-line-height:var(--h2_typography-line-height);--awb-caption-title-letter-spacing:var(--h2_typography-letter-spacing);\"><span class=\" fusion-imageframe imageframe-none imageframe-2 hover-type-none\" class=\"image-magnify\" class=\"image-scroll\"><img decoding=\"async\" width=\"600\" height=\"400\" title=\"DSC00197\" src=\"https:\/\/businesslifetrabzon.com\/wp-content\/uploads\/2023\/08\/DSC00197-600x400.jpg\" alt class=\"img-responsive wp-image-295\" srcset=\"https:\/\/businesslifetrabzon.com\/wp-content\/uploads\/2023\/08\/DSC00197-200x133.jpg 200w, https:\/\/businesslifetrabzon.com\/wp-content\/uploads\/2023\/08\/DSC00197-400x267.jpg 400w, https:\/\/businesslifetrabzon.com\/wp-content\/uploads\/2023\/08\/DSC00197-600x400.jpg 600w, https:\/\/businesslifetrabzon.com\/wp-content\/uploads\/2023\/08\/DSC00197-800x533.jpg 800w, https:\/\/businesslifetrabzon.com\/wp-content\/uploads\/2023\/08\/DSC00197-1200x800.jpg 1200w\" sizes=\"(max-width: 640px) 100vw, 600px\" \/><\/span><\/div><\/div><\/div><div class=\"fusion-layout-column fusion_builder_column fusion-builder-column-4 fusion_builder_column_1_2 1_2 fusion-flex-column\" style=\"--awb-bg-size:cover;--awb-width-large:50%;--awb-margin-top-large:0px;--awb-spacing-right-large:3.84%;--awb-margin-bottom-large:20px;--awb-spacing-left-large:3.84%;--awb-width-medium:50%;--awb-order-medium:0;--awb-spacing-right-medium:3.84%;--awb-spacing-left-medium:3.84%;--awb-width-small:100%;--awb-order-small:0;--awb-spacing-right-small:1.92%;--awb-spacing-left-small:1.92%;\"><div class=\"fusion-column-wrapper fusion-column-has-shadow fusion-flex-justify-content-flex-start fusion-content-layout-column\"><div class=\"fusion-title title fusion-title-3 fusion-sep-none fusion-title-text fusion-title-size-three\"><h3 class=\"title-heading-left\" style=\"margin:0;\"><p style=\"text-align: center;\">Misyonumuz<\/p><\/h3><\/div><div class=\"fusion-text fusion-text-3\"><p id=\"tw-target-text\" class=\"tw-data-text tw-text-large tw-ta\" dir=\"ltr\" data-placeholder=\"\u00c7eviri\"><span class=\"Y2IQFc\" lang=\"tr\">Faaliyet g\u00f6sterdi\u011fimiz turizm sekt\u00f6r\u00fcnde bireye, topluma ve hukuka sayg\u0131l\u0131 olmak ,<br \/>\n<\/span><span class=\"Y2IQFc\" lang=\"tr\">Ekonomik ve ahlaki ilkelere ba\u011fl\u0131 kalarak \u00e7evreye duyarl\u0131 bir \u015fekilde misafirlerimizin ve \u00e7al\u0131\u015fanlar\u0131m\u0131z\u0131n beklentilerini en \u00fcst d\u00fczeyde kar\u015f\u0131lamak.<br \/>\nGelece\u011fimize sa\u011flam temeller atarak misafir memnuniyetini en \u00fcst seviyede tutmak.<br \/>\nHizmette verimlilik ve kaliteyi s\u00fcrd\u00fcrmek.<br \/>\nKalitemizi s\u00fcrekli iyile\u015ftirmek .<br \/>\n\u00c7al\u0131\u015fanlar\u0131m\u0131z\u0131n e\u011fitimine \u00f6nem vermek .<br \/>\nModern teknolojiyi izlemek .<br \/>\nDo\u011fal \u00e7evrenin korunmas\u0131na \u00f6zen g\u00f6sterilmesi.<\/span><\/p>\n<\/div><\/div><\/div><div class=\"fusion-layout-column fusion_builder_column fusion-builder-column-5 fusion_builder_column_1_1 1_1 fusion-flex-column\" style=\"--awb-bg-size:cover;--awb-width-large:100%;--awb-margin-top-large:0px;--awb-spacing-right-large:1.92%;--awb-margin-bottom-large:20px;--awb-spacing-left-large:1.92%;--awb-width-medium:100%;--awb-order-medium:0;--awb-spacing-right-medium:1.92%;--awb-spacing-left-medium:1.92%;--awb-width-small:100%;--awb-order-small:0;--awb-spacing-right-small:1.92%;--awb-spacing-left-small:1.92%;\"><div class=\"fusion-column-wrapper fusion-column-has-shadow fusion-flex-justify-content-flex-start fusion-content-layout-column\"><\/div><\/div><\/div><\/div>\n","protected":false},"excerpt":{"rendered":"","protected":false},"author":2,"featured_media":0,"parent":0,"menu_order":0,"comment_status":"closed","ping_status":"closed","template":"100-width.php","meta":[],"_links":{"self":[{"href":"https:\/\/businesslifetrabzon.com\/index.php\/wp-json\/wp\/v2\/pages\/247"}],"collection":[{"href":"https:\/\/businesslifetrabzon.com\/index.php\/wp-json\/wp\/v2\/pages"}],"about":[{"href":"https:\/\/businesslifetrabzon.com\/index.php\/wp-json\/wp\/v2\/types\/page"}],"author":[{"embeddable":true,"href":"https:\/\/businesslifetrabzon.com\/index.php\/wp-json\/wp\/v2\/users\/2"}],"replies":[{"embeddable":true,"href":"https:\/\/businesslifetrabzon.com\/index.php\/wp-json\/wp\/v2\/comments?post=247"}],"version-history":[{"count":35,"href":"https:\/\/businesslifetrabzon.com\/index.php\/wp-json\/wp\/v2\/pages\/247\/revisions"}],"predecessor-version":[{"id":624,"href":"https:\/\/businesslifetrabzon.com\/index.php\/wp-json\/wp\/v2\/pages\/247\/revisions\/624"}],"wp:attachment":[{"href":"https:\/\/businesslifetrabzon.com\/index.php\/wp-json\/wp\/v2\/media?parent=247"}],"curies":[{"name":"wp","href":"https:\/\/api.w.org\/{rel}","templated":true}]}}